 313?
6
Calculate the remainder when 399 is divided by 44.
3
What is the remainder when 14469 is divided by 54?
51
Calculate the remainder when 1433 is divided by 90.
83
What is the remainder when 7528 is divided by 93?
88
Calculate the remainder when 1518 is divided by 38.
36
What is the remainder when 112 is divided by 54?
4
What is the remainder when 4156 is divided by 18?
16
Calculate the remainder when 19 is divided by 8.
3
What is the remainder when 16 is divided by 3?
1
Calculate the remainder when 2247 is divided by 75.
72
Calculate the remainder when 235 is divided by 30.
25
What is the remainder when 124 is divided by 14?
12
What is the remainder when 144 is divided by 33?
12
What is the remainder when 640 is divided by 161?
157
Calculate the remainder when 6382 is divided by 38.
36
What is the remainder when 396 is divided by 21?
18
Calculate the remainder when 141 is divided by 29.
25
Calculate the remainder when 680 is divided by 137.
132
Calculate the remainder when 330 is divided by 38.
26
Calculate the remainder when 309 is divided by 44.
1
Calculate the remainder when 5 is divided by 4.
1
Calculate the remainder when 414 is divided by 194.
26
What is the remainder when 132 is divided by 61?
10
Calculate the remainder when 2348 is divided by 390.
8
Calculate the remainder when 1364 is divided by 33.
11
Calculate the remainder when 688 is divided by 19.
4
Calculate the remainder when 2786 is divided by 31.
27
What is the remainder when 247 is divided by 61?
3
Calculate the remainder when 401 is divided by 4.
1
What is the remainder when 504 is divided by 22?
20
Calculate the remainder when 5250 is divided by 101.
99
Calculate the remainder when 403 is divided by 23.
12
Calculate the remainder when 4071 is divided by 99.
12
What is the remainder when 223 is divided by 15?
13
What is the remainder when 355 is divided by 61?
50
What is the remainder when 280 is divided by 41?
34
What is the remainder when 48 is divided by 13?
9
What is the remainder when 340 is divided by 25?
15
Calculate the remainder when 114 is divided by 39.
36
What is the remainder when 159 is divided by 21?
12
Calculate the remainder when 963 is divided by 80.
3
Calculate the remainder when 731 is divided by 35.
31
Calculate the remainder when 1111 is divided by 64.
23
What is the remainder when 120 is divided by 61?
59
Calculate the remainder when 1438 is divided by 20.
18
What is the remainder when 89 is divided by 56?
33
Calculate the remainder when 3372 is divided by 91.
5
What is the remainder when 64 is divided by 34?
30
Calculate the remainder when 1272 is divided by 131.
93
What is the remainder when 290 is divided by 42?
38
Calculate the remainder when 936 is divided by 149.
42
Calculate the remainder when 20 is divided by 19.
1
What is the remainder when 308 is divided by 26?
22
What is the remainder when 144 is divided by 93?
51
What is the remainder when 223 is divided by 196?
27
Calculate the remainder when 1290 is divided by 380.
150
Calculate the remainder when 17772 is divided by 75.
72
What is the remainder when 932 is divided by 66?
8
What is the remainder when 5914 is divided by 1964?
22
Calculate the remainder when 194 is divided by 39.
38
What is the remainder when 12278 is divided by 12267?
11
What is the remainder when 33 is divided by 7?
5
What is the remainder when 1137 is divided by 10?
7
Calculate the remainder when 339 is divided by 83.
7
What is the remainder when 54 is divided by 10?
4
What is the remainder when 119 is divided by 26?
15
What is the remainder when 183 is divided by 23?
22
Calculate the remainder when 4127 is divided by 14.
11
Calculate the remainder when 7065 is divided by 101.
96
Calculate the remainder when 2182 is divided by 83.
24
Calculate the remainder when 739 is divided by 39.
37
What is the remainder when 237 is divided by 92?
53
Calculate the remainder when 10141 is divided by 57.
52
What is the remainder when 2015 is divided by 63?
62
What is the remainder when 1726 is divided by 248?
238
What is the remainder when 192 is divided by 142?
50
What is the remainder when 415 is divided by 136?
7
What is the remainder when 503 is divided by 235?
33
Calculate the remainder when 3583 is divided by 15.
13
What is the remainder when 1077 is divided by 45?
42
Calculate the remainder when 597 is divided by 121.
113
What is the remainder when 422 is divided by 42?
2
Calculate the remainder when 571 is divided by 72.
67
What is the remainder when 72 is divided by 41?
31
What is the remainder when 390 is divided by 190?
10
Calculate the remainder when 863 is divided by 72.
71
What is the remainder when 919 is divided by 226?
15
Calculate the remainder when 60 is divided by 33.
27
What is the remainder when 2110 is divided by 192?
190
What is the remainder when 608 is divided by 149?
12
Calculate the remainder when 129 is divided by 11.
8
What is the remainder when 499 is divided by 22?
15
What is the remainder when 163 is divided by 15?
13
Calculate the remainder when 126 is divided by 20.
6
What is the remainder when 384 is divided by 99?
87
What is the remainder when 277 is divided by 8?
5
Calculate the remainder when 36770 is divided by 103.
102
Calculate the remainder when 2051 is divided by 12.
11
What is the remainder when 445 is divided by 24?
13
What is the remainder when 604 is divided by 61?
55
What is the remainder when 329 is divided by 67?
61
Calculate the remainder when 1495 is divided by 50.
45
What is the remainder when 342 is divided by 23?
20
What is the remainder when 137 is divided by 20?
17
Calculate the remainder when 198 is divided by 27.
9
What is the remainder when 9462 is divided by 182?
180
What is the remainder when 556 is divided by 35?
31
What is the remainder when 190 is divided by 49?
43
What is the remainder when 551 is divided by 94?
81
Calculate the remainder when 139 is divided by 101.
38
What is the remainder when 63 is divided by 15?
3
What is the remainder when 1195 is divided by 26?
25
Calculate the remainder when 444 is divided by 90.
84
What is the remainder when 213 is divided by 47?
25
What is the remainder when 1336 is divided by 335?
331
What is the remainder when 284 is divided by 58?
52
Calculate the remainder when 1177 is divided by 195.
7
What is the remainder when 255 is divided by 53?
43
Calculate the remainder when 664 is divided by 40.
24
Calculate the remainder when 34 is divided by 28.
6
Calculate the remainder when 25 is divided by 13.
12
What is the remainder when 64 is divided by 11?
9
Calculate the remainder when 897 is divided by 177.
12
What is the remainder when 136 is divided by 7?
3
What is the remainder when 1720 is divided by 61?
12
Calculate the remainder when 211 is divided by 45.
31
What is the remainder when 120 is divided by 21?
15
Calculate the remainder when 34 is divided by 3.
1
What is the remainder when 120 is divided by 25?
20
Calculate the remainder when 60 is divided by 2.
0
Calculate the remainder when 5363 is divided by 38.
5
Calculate the remainder when 75 is divided by 13.
10
What is the remainder when 799 is divided by 789?
10
Calculate the remainder when 36479 is divided by 34.
31
Calculate the remainder when 465 is divided by 9.
6
Calculate the remainder when 318 is divided by 65.
58
Calculate the remainder when 371 is divided by 73.
6
Calculate the remainder when 416 is divided by 35.
31
Calculate the remainder when 1755 is divided by 22.
17
What is the remainder when 75 is divided by 4?
3
What is the remainder when 468 is divided by 449?
19
What is the remainder when 184 is divided by 32?
24
What is the remainder when 9764 is divided by 9?
8
What is the remainder when 2232 is divided by 11?
10
Calculate the remainder when 197 is divided by 22.
21
Calculate the remainder when 109 is divided by 37.
35
What is the remainder when 395 is divided by 33?
32
What is the remainder when 2719 is divided by 60?
19
What is the remainder when 2995 is divided by 37?
35
What is the remainder when 16608 is divided by 110?
108
What is the remainder when 412 is divided by 69?
67
What is the remainder when 206 is divided by 69?
68
Calculate the remainder when 2930 is divided by 113.
105
Calculate the remainder when 214 is divided by 44.
38
Calc